2)?
101
Let y(h) = 2*h**3 - 4*h**2 + 1. Calculate y(2).
1
Let g(a) = 2*a**2 - 10*a - 20191. Determine g(103).
-3
Let v(t) = t**3 - 14*t**2 - 35*t - 32. What is v(16)?
-80
Let h(p) = -48*p**3 - 11*p**2 + 14*p - 4. What is h(2)?
-404
Let r(p) = 5327*p + 58604. Determine r(-11).
7
Let z(q) = -780*q - 3911. Calculate z(-5).
-11
Let w(c) = 3*c**3 - 245*c**2 - 82*c + 9. Calculate w(82).
9
Let g(m) = -445*m - 3563. Give g(-8).
-3
Let r(o) = 127*o + 15070. What is r(-119)?
-43
Let w(p) = -13272*p - 119462. What is w(-9)?
-14
Let u(y) = 7*y**3 - 2*y**2. What is u(3)?
171
Let r(g) = -2*g**3 + 13*g**2 - 20*g + 73. Determine r(6).
-11
Let t(c) = 13*c**3 - 37*c**2 - 16*c + 23. Calculate t(3).
-7
Let t(p) = -8*p + 199. Give t(9).
127
Let h(z) = -16*z**2 - 10*z - 59. Determine h(-4).
-275
Let u(j) = -20*j - 1291. Determine u(-60).
-91
Let p(j) = -j**3 - 24*j**2 + 35*j - 34. Determine p(-26).
408
Let n(j) = j**3 - 44*j**2 - 46*j + 105. Give n(45).
60
Let k(a) = 3*a + 289. What is k(-62)?
103
Let s(z) = -930*z + 50231. Calculate s(54).
11
Let p(c) = c**2 + 26*c + 35. Calculate p(-18).
-109
Let y(t) = t**2 - 41*t - 332. Calculate y(-7).
4
Let k(r) = 22*r**2 - 81*r - 139. Determine k(5).
6
Let t(g) = -266*g + 52408. Calculate t(197).
6
Let r(p) = 463*p - 10. Determine r(1).
453
Let m(w) = 68*w + 1515. Determine m(-22).
19
Let k(i) = -i. Calculate k(-40).
40
Let j(g) = 557*g + 12804. Calculate j(-23).
-7
Let b(h) = 284*h - 11423. Determine b(40).
-63
Let j(g) = 123*g + 2834. What is j(-23)?
5
Let v(w) = -w**3 - 81*w**2 + 77*w - 200. What is v(-82)?
210
Let d(b) = -415*b + 192553. Determine d(464).
-7
Let g(r) = -72*r + 372. Determine g(5).
12
Let k(g) = g**2 - 62*g - 332. Calculate k(-6).
76
Let q(o) = -o**3 - 11*o**2 + 11. What is q(-11)?
11
Let m(u) = u**3 + 44*u**2 - 47*u - 25. Determine m(-45).
65
Let n(r) = -r**2 + 39*r + 199. Determine n(43).
27
Let t(f) = -4041*f + 28302. Determine t(7).
15
Let i(h) = 6*h**2 - 266*h + 1028. What is i(4)?
60
Let f(q) = 10*q - 111. Calculate f(18).
69
Let g(b) = -5142*b - 3. What is g(0)?
-3
Let x(f) = 8*f**2 - 39*f - 123. Determine x(8).
77
Let q(o) = -33*o + 524. Calculate q(20).
-136
Let i(q) = 501*q + 504. What is i(-1)?
3
Let l(y) = -y**2 - 12*y + 45. What is l(-22)?
-175
Let j(n) = -18*n**2 - 47*n - 25. Give j(-2).
-3
Let y(b) = -2166*b - 23805. What is y(-11)?
21
Let j(v) = -v**3 - 2*v**2 + 15. Give j(4).
-81
Let p(i) = i**3 + 13*i**2 - i - 169. What is p(-12)?
-13
Let w(k) = 2*k**3 - 4*k**2 - 15*k - 5. Determine w(4).
-1
Let k(a) = -a**3 - 43*a**2 - 84*a + 1419. Calculate k(-40).
-21
Let f(m) = 78*m + 199. Give f(-2).
43
Let v(h) = -h**3 + 6*h**2 - 89*h + 543. What is v(6)?
9
Let g(h) = -338*h - 2679. What is g(-8)?
25
Let f(v) = 3*v - 44. What is f(8)?
-20
Let i(n) = -2*n**2 + 25*n + 120. Determine i(17).
-33
Let n(d) = d**3 + 2*d**2 + 30*d + 56. Determine n(-2).
-4
Let h(t) = t**3 - 39*t**2 + 47*t + 1002. Determine h(37).
3
Let w(o) = o**2 - 25*o + 119. Give w(19).
5
Let v(o) = 53*o - 118. What is v(2)?
-12
Let i(d) = -d**2 + d + 23. Determine i(0).
23
Let l(i) = -4*i**3 - 31*i**2 + 87*i - 61. Calculate l(-10).
-31
Let i(c) = -6*c**2 + 109*c - 214. Determine i(16).
-6
Let f(w) = w**3 - 7*w**2 - 89*w + 292. Give f(-8).
44
Let k(g) = 4*g**3 + 265*g**2 + 331*g + 389. Give k(-65).
-1
Let v(j) = -92*j - 1516. Determine v(-16).
-44
Let r(i) = -390*i + 3112. What is r(8)?
-8
Let c(n) = 80*n - 1419. Determine c(20).
181
Let r(o) = 31*o - 19. Give r(5).
136
Let f(a) = 3*a**3 - 40*a**2 - 27*a + 521. Determine f(13).
1
Let a(t) = 90*t**2 - 29*t + 1. Give a(1).
62
Let i(c) = -183*c + 4292. What is i(23)?
83
Let h(s) = -s**3 - 27*s**2 - 12*s + 33. What is h(-27)?
357
Let x(l) = -l**3 + 171*l**2 + 699*l + 34. What is x(-4)?
38
Let z(w) = -3*w + 24. Determine z(6).
6
Let a(c) = -c**3 + 8*c**2 + 104*c - 8. Determine a(-6).
-128
Let h(g) = -g**3 + 30*g**2 - 148*g - 160. Calculate h(23).
139
Let y(m) = -m**3 - 19*m**2 - 66*m - 10. Give y(-14).
-66
Let u(r) = 78480*r + 1. What is u(0)?
1
Let r(w) = -21*w**3 + 26*w**2 - w + 4. Determine r(3).
-332
Let s(k) = k**2 + 30*k + 247. What is s(-15)?
22
Let p(q) = -40*q + 489. Give p(10).
89
Let k(m) = m**3 - 13*m**2 + 16*m - 35. Calculate k(12).
13
Let u(s) = -53*s + 189. Calculate u(4).
-23
Let m(q) = -3*q**3 - 15*q**2 + 9*q - 15. Determine m(-6).
39
Let b(j) = -11*j**2 + 128*j + 22. What is b(11)?
99
Let y(z) = -10*z - 912. Calculate y(-92).
8
Let x(f) = 2*f**3 - 26*f**2 - 74*f + 977. What is x(13)?
15
Let z(h) = 131*h**3 + h**2 - 4*h + 4. Calculate z(1).
132
Let m(z) = 14*z**2 - 293*z - 67. Give m(21).
-46
Let f(n) = 21*n - 47. What is f(8)?
121
Let q(j) = -j**3 - 11*j**2 - 37*j + 25. Calculate q(-7).
88
Let k(j) = -96*j**2 + 9*j - 23. Give k(2).
-389
Let q(t) = 15*t**3 + t**2 - 13*t + 19. What is q(3)?
394
Let o(c) = 7*c**2 + 217*c + 1184. Determine o(-7).
8
Let b(q) = -53*q + 330. Determine b(6).
12
Let j(s) = -86*s + 15554. Give j(181).
-12
Let m(w) = -95*w - 2708. Give m(-28).
-48
Let o(k) = 2*k**2 + 18*k + 36. Give o(-10).
56
Let q(l) = 2*l**2 + 20*l + 4. Calculate q(-10).
4
Let b(l) = l**2 - 77*l - 316. What is b(81)?
8
Let x(j) = 17*j - 783. Determine x(46).
-1
Let r(g) = -4*g**2 + 8*g + 15. What is r(7)?
-125
Let u(x) = 10*x + 123. What is u(4)?
163
Let y(b) = 6*b**3 + 446*b**2 + 146*b - 142. Give y(-74).
6
Let m(r) = r**3 - 10*r**2 + 14*r - 1. What is m(7)?
-50
Let z(q) = -70*q - 270. What is z(-4)?
10
Let h(c) = c**2 - 58*c + 512. Determine h(12).
-40
Let q(j) = -281*j - 1682. Calculate q(-6).
4
Let f(s) = 2*s - 133. Determine f(76).
19
Let h(p) = -19*p**2 - 370*p + 384. Determine h(1).
-5
Let x(z) = -4*z**3 + 13*z**2 + 3*z + 7. Calculate x(4).
-29
Let x(z) = -53*z - 718. Give x(-14).
24
Let l(r) = -7*r**2 - 11*r + 187. Determine l(6).
-131
Let i(y) = -y**2 + 17*y - 88. What is i(6)?
-22
Let f(m) = -m - 113. Calculate f(-21).
-92
Let u(w) = w**3 + 116*w**2 + 251*w + 15646. Calculate u(-115).
6
Let t(u) = u**2 - 21*u - 484. Give t(20).
-504
Let s(b) = 222*b + 247. What is s(-1)?
25
Let r(x) = 3*x**2 + 273*x - 3028. Determine r(10).
2
Let g(j) = 3*j**2 - 296*j - 14. Determine g(0).
-14
Let d(q) = -69*q**2 + q - 1. Give d(-2).
-279
Let t(y) = -18*y**2 + 29*y + 89. Calculate t(-4).
-315
Let c(q) = -q**3 - 20*q**2 + 3*q - 915. Give c(-22).
-13
Let j(x) = -9*x + 86. What is j(14)?
-40
Let m(g) = -g**3 + 7*g**2 - 235*g + 893. Give m(4).
1
Let z(y) = -58*y + 348. Give z(6).
0
Let h(i) = 2*i**2 + 233*i + 6189. Calculate h(-75).
-36
Let y(a) = -a**3 - 18*a**2 + 90*a + 1051. What is y(-20)?
51
Let s(n) = -37*n**3 - 87*n + 174. Give s(2).
-296
Let p(d) = d**3 + 6*d**2 + 3*d + 5. What is p(4)?
177
Let u(q) = -19*q - 1469. Determine u(-77).
-6
Let q(r) = -10*r**2 - 8*r - 131. What is q(0)?
-131
Let k(i) = -2*i**3 + 9*i**2 - 13*i - 19. Give k(5).
-109
Let g(x) = 34*x**3 + 5*x**2 + 10*x + 5. What is g(-2)?
-267
Let l(d) = -d**2 + 96*d + 1026. Calculate l(106).
-34
Let h(l) = -l**2 - 34*l - 307. What is h(-24)?
-67
Let m(w) = 27*w - 571. Determine m(24).
77
Let x(w) = -9*w**2 + 95*w - 287. Give x(5).
-37
Let v(y) = -855*y - 656. Give v(-1).
199
Let g(w) = -537*w + 13952. What is g(26)?
-10
Let t(b) = -b**3 - 7*b**2 + 51*b - 4. What is t(-11)?
-81
Let u(r) = -17*r**2 - 556*r - 554. Calculate u(-1).
-15
Let o(j) = 160*j + 966. Determine o(-6).
6
Let o(l) = 50*l**2 + 153*l - 329. Give o(2).
177
Let u(m) = 3*m**2 - 887*m - 6234. Determine u(-7).
122
Let w(a) = -2*a**3 - 19*a**2 - 5*a + 114. Give w(-8).
-38
Let l(p) = p**2 + 5060*p + 30336. Calculate l(-6).
12
Let v(h) = 149*h - 1125. Give v(8).
67
Let k(h) = 17*h**2 + 106*h + 23. Calculate k(-6).
-1
Let x(i) = 224*i**2 + 27*i - 27. Calculate x(1).
224
Let h(o) = o**3 + 80*o**2 + 83*o - 221. Give h(-79).
-537
Let h(z) = 3*z**2 + 12*z - 70. Give h(4).
26
Let v(i) = -7*i**2 + 312*i - 1784. Give v(7).
57
Let f(n) = 111*n**3 - 3*n**2 - 4*n + 6. Determine f(1).
110
Let j(z) = 2*z**3 + 100*z**2 + 102*z + 165. Determine j(-49).
-31
Let w(y) = 7*y - 146. What is w(14)?
-48
Let g(m) = m**3 + 10*m**2 + 62*m + 344. What is g(-8)?
-24
Let g(c) = 889*c - 24882. Calculate g(28).
10
Let j(k) = -6*k**2 + 357*k + 135. Determine j(60).
-45
Let k(v) = 2*v**2 - 157*v + 516. Determine k(73).
-287
Let x(u) = 17*u + 27. What is x(-4)?
-41
Let h(p) = -p**2 + 160*p - 62